(1 - z). Calculate the greatest common factor of t and 115.
23
Suppose -3*j + 67 = 2*b - 17, 0 = -b - 2*j + 43. Let a(n) = -9*n + 21. Let c be a(2). What is the highest common divisor of b and c?
3
Suppose -693 = -j - d, 11*j = 10*j + 4*d + 693. Calculate the highest common factor of 63 and j.
63
Suppose 2*q + 4*w - 5 = 243, 3 = -w. Suppose 0 = 9*l - 8*l - g - 12, 4*l + 4*g = 56. What is the greatest common factor of q and l?
13
Let m be ((-62)/(-9))/(1/9). What is the greatest common divisor of 2635 and m?
31
Let l(j) = 15*j - 84. Let g be l(11). What is the highest common divisor of g and 54?
27
Suppose 0 = 81*l - 79*l - 224. What is the greatest common factor of 12 and l?
4
Let o = 49 - 45. Let y be 1/o - 275/(-20). Calculate the greatest common factor of y and 7.
7
Suppose -5*w + 4*y + 131 = 0, -y - 98 = -5*w + 21. Let j = -67 - -274. What is the highest common divisor of j and w?
23
Let x be 1 + (1 - 2) - -24. Suppose -2*n + 5*t + x = 0, 2*n + 3*t + 0 + 8 = 0. Suppose n = -2*m + 16. Calculate the highest common divisor of 7 and m.
7
Let c = 23 - 20. Suppose c = -16*a + 19*a. What is the greatest common factor of a and 5?
1
Let d = 2478 + -1146. What is the greatest common factor of 36 and d?
36
Let x be ((-547)/(-13) - -6) + 2/(-26). Calculate the greatest common factor of 492 and x.
12
Suppose 4*t - 6*t = 2*v + 6, -v - 5*t = 15. Suppose u + v*u = 4*a + 11, 3*u + 5*a - 84 = 0. Calculate the highest common factor of u and 46.
23
Let z(c) = c**2 - 8*c - 13. Let q be z(9). Let h be (-7 - q - 229)/(-2). What is the greatest common divisor of h and 29?
29
Let d = -74 - -114. Let t(r) = 2*r**3 - r**2 - 2*r + 2. Let y = -65 - -67. Let j be t(y). What is the highest common factor of d and j?
10
Let y be 26 + (-1 + 2 - 0). Suppose 60*j - 43*j - 51 = 0. What is the highest common factor of y and j?
3
Let a = 11 - 51. Let q = a - -59. Let f be 9/1 - (20 - q). Calculate the greatest common divisor of f and 32.
8
Let w = 184 + 3625. What is the greatest common factor of 13 and w?
13
Let f be 3 - 2 - (-2 + -5). Suppose f*i + 7 = 23. What is the greatest common divisor of i and 22?
2
Let d(s) = 230*s + 235*s - 14 - 476*s - s**2. Let a be d(-6). Calculate the greatest common divisor of a and 1.
1
Suppose -2*p + 696 = 4*w - 6*p, -4*w + 2*p + 686 = 0. Let k be 356/14 + 132/(-2079)*-9. What is the highest common divisor of w and k?
13
Let h(q) = 3*q**2 - q + 4. Let c be h(2). Calculate the highest common divisor of 28 and c.
14
Let y(f) = -f**2 - 8*f + 25. Let k be y(-13). Let h be k/6*(-162)/15. Calculate the highest common divisor of 18 and h.
18
Let c(p) = p**2 - 3*p + 2. Let o be c(2). Suppose -b + o = -2. Suppose -3*g - 2*q + 4 + 13 = 0, q = b*g - 16. What is the highest common factor of g and 35?
7
Let z(w) = 3*w**2 - 112*w - 192. Let n be z(48). Calculate the greatest common divisor of 72 and n.
24
Let r(p) = -p**2 - p + 42. Let o be r(0). Let g be (-2 + o/(-10))*-5. Calculate the greatest common factor of 31 and g.
31
Suppose 305 - 1328 = -4*x - 5*t, -2*x + 507 = t. Let z be (-1)/6 - 1154/(-12). Suppose -4*w + z = -16. What is the greatest common divisor of w and x?
28
Let a(s) = -13*s + 3. Let c be a(10). Let n = c + 129. Calculate the greatest common factor of n and 3.
1
Suppose 9*j = 6*j - 6. Suppose 24 = -4*u + u. Let k = j - u. Calculate the highest common factor of 24 and k.
6
Let i(g) = 2*g**3 + 3*g**2 - 3*g - 4. Let b be i(-3). Let a be 1/2*b*-1. Let t(v) = -10*v - 39. Let c be t(-16). What is the highest common divisor of a and c?
11
Suppose -4*p + 2*p = -34. Suppose a + 1 = p. Let k be (-4)/(77/(-180) - (-8)/20). Calculate the greatest common divisor of a and k.
16
Suppose 0 = -u + 2*u. Suppose -2*v + 12 = -u*v. Suppose -3*r - 44 - 6 = -4*q, v = -3*r. Calculate the greatest common factor of q and 77.
11
Suppose -2*q - 5*x = -119, -q + 6*x + 27 = 2*x. What is the greatest common factor of 235 and q?
47
Let g be (-3)/(-15) + (-118)/(-10). Let n(d) = d**3 - 10*d**2 - 15*d. Let y be n(12). Calculate the greatest common divisor of y and g.
12
Let c(p) = -17*p - 9. Suppose -5*k = 3*l + 3, -k - 4 - 15 = -4*l. Let w be c(k). What is the highest common divisor of 21 and w?
21
Suppose 0 = 5*v - 763 + 88. Suppose 7*l - 4*l = v. Let t = l + -25. Calculate the greatest common divisor of t and 10.
10
Let y be ((-48)/20)/(38/(-475)). What is the greatest common factor of 700 and y?
10
Let j = -345 - -353. Calculate the highest common factor of 152 and j.
8
Let m(b) = 4*b**2 - b + 3. Let j(q) = q**2 + q + 1. Let f(g) = -3*j(g) + m(g). Let d be f(-3). Calculate the greatest common factor of 14 and d.
7
Let f(u) = 3*u + 22. Let v be f(-5). What is the greatest common factor of v and 21?
7
Let s be ((-1752)/20)/((-3)/10). Suppose -s = -4*c + 68. What is the highest common divisor of 36 and c?
18
Let n(o) = -o + 15. Let h be n(7). Let m(l) = l**2 - 12*l + 12. Let u be m(h). Let g be ((-7)/2 - -3)*u. What is the greatest common factor of g and 15?
5
Let u = 149 - 383. Let j = u - -330. Calculate the highest common divisor of j and 24.
24
Let l = 237 + -165. Suppose -x + 2*u = -l, -4*x + 5*u + 215 = -x. What is the highest common factor of 20 and x?
10
Suppose 5*q + 3 = 4*r - 43, -19 = -3*r - 4*q. Let k = 8 - 2. Let o be (3 + -1 - 5) + k. What is the highest common divisor of r and o?
3
Suppose 3*c + 33 = 4*i - 19, 0 = -3*i - 2*c + 22. Suppose 21 = 2*t + v, i*t = 5*t - v + 51. What is the greatest common factor of 2 and t?
2
Let g(u) = u**3 - 5*u**2 - 12*u + 5. Let k be g(7). Let j be 58/(-8)*(-5 - -1). Let d = j - k. What is the highest common factor of d and 10?
10
Let b be 2*(-1)/(-4) + (-5724)/72. Suppose 0 = 4*c + 5*l + 177, 2*c = -0*c - 4*l - 90. Let h = c - b. What is the greatest common factor of 4 and h?
4
Let w be 4500/12 + -3 + -6. What is the greatest common divisor of w and 6?
6
Let r(z) = -20*z + 25. Let y be r(-2). What is the greatest common divisor of 260 and y?
65
Let q = 179 - 175. Let m(u) = 20*u**2 - 2*u + 2. Let k be m(2). Let l be q/14 + k/21. Calculate the greatest common divisor of l and 16.
4
Let o be ((-4)/6 + 1)*12. Suppose -5*v = -v + 4*j - 264, -v + 72 = o*j. What is the highest common factor of 8 and v?
8
Let j(i) be the second derivative of 3*i**3 - 2*i. Let a be j(1). Let c = 36 - a. What is the greatest common factor of 144 and c?
18
Let u be (819/28)/((-9)/(-168)). What is the highest common divisor of 28 and u?
14
Suppose -3*x + 4*p = -67, -4*x + 46 = -3*p - 48. Calculate the greatest common divisor of x and 25.
25
Suppose 4*w - 10 = -2. Let a = w + 2. Suppose o - 58 = -4*x, -x + a*o + 83 = 4*x. What is the highest common divisor of 120 and x?
15
Let r(i) = i**2 + 35*i + 281. Let b be r(-24). Calculate the highest common factor of 918 and b.
17
Let o be (-289)/(-4) + (-6)/24. Let w(i) = -i**2 - 5*i + 24. Let m be w(0). Calculate the greatest common factor of m and o.
24
Let t(p) = -3*p**2 + 90*p - 58. Let n be t(29). Calculate the greatest common divisor of 1305 and n.
29
Suppose -37*h + 183 = -298. What is the highest common divisor of h and 117?
13
Let q(i) = 48*i - 175. Let m be q(19). What is the greatest common factor of 67 and m?
67
Let v = 363 - 3. Let d be 14/(-8)*v/(-15). What is the greatest common factor of 105 and d?
21
Suppose 11*s - 12*s = 0. Suppose -z + 12 - 9 = s. What is the highest common divisor of 2 and z?
1
Suppose 0 = 2*p + 4*a - 3*a + 2, 4*p - 4*a = 8. Let t(w) = -w**3 + w**2 + 2*w + 15. Let g be t(p). Calculate the greatest common factor of g and 165.
15
Let j be 197 - (-1 + 0/(-3)). Let t = j - 6. Suppose 12*b - 57 = -b + 359. Calculate the greatest common divisor of t and b.
32
Suppose 10*b - 11*b + 504 = 0. Calculate the greatest common factor of 56 and b.
56
Suppose -39 = -6*f - 21. Let d be (-730)/(f - 8) - -4. What is the greatest common factor of 60 and d?
30
Let h(n) = 4*n + 10. Let y(m) = m**2 + 4*m + 3. Let z be y(-3). Let j be h(z). Calculate the greatest common divisor of 4 and j.
2
Let n = -83 - -187. Let v be (-10)/25 - n/(-10). Calculate the highest common factor of 20 and v.
10
Suppose 774 = 9*f - 3843. What is the highest common factor of 19 and f?
19
Let f(z) be the second derivative of -z**5/20 - z**4/2 - z**3/2 - 7*z**2/2 + 25*z. Let s be f(-7). What is the greatest common fac